{"id":315,"date":"2022-09-10T20:02:14","date_gmt":"2022-09-10T20:02:14","guid":{"rendered":"http:\/\/www.brkola.cz.uvirt121.active24.cz\/?post_type=product&#038;p=315"},"modified":"2026-01-02T10:41:24","modified_gmt":"2026-01-02T10:41:24","slug":"na-divadlo-neumru","status":"publish","type":"product","link":"https:\/\/www.brkola.cz\/?product=na-divadlo-neumru","title":{"rendered":"Na divadlo neum\u0159u (Otakar Roub\u00ednek)"},"content":{"rendered":"<p><img loading=\"lazy\" decoding=\"async\" class=\"alignnone wp-image-319 \" src=\"http:\/\/www.brkola.cz.uvirt121.active24.cz\/wp-content\/uploads\/2022\/09\/na-divadlo2-1024x1024.jpg\" alt=\"\" width=\"1000\" height=\"1000\" srcset=\"https:\/\/www.brkola.cz\/wp-content\/uploads\/2022\/09\/na-divadlo2-1024x1024.jpg 1024w, https:\/\/www.brkola.cz\/wp-content\/uploads\/2022\/09\/na-divadlo2-300x300.jpg 300w, https:\/\/www.brkola.cz\/wp-content\/uploads\/2022\/09\/na-divadlo2-150x150.jpg 150w, https:\/\/www.brkola.cz\/wp-content\/uploads\/2022\/09\/na-divadlo2-768x768.jpg 768w, https:\/\/www.brkola.cz\/wp-content\/uploads\/2022\/09\/na-divadlo2-1320x1320.jpg 1320w, https:\/\/www.brkola.cz\/wp-content\/uploads\/2022\/09\/na-divadlo2-450x450.jpg 450w, https:\/\/www.brkola.cz\/wp-content\/uploads\/2022\/09\/na-divadlo2-600x600.jpg 600w, https:\/\/www.brkola.cz\/wp-content\/uploads\/2022\/09\/na-divadlo2-100x100.jpg 100w, https:\/\/www.brkola.cz\/wp-content\/uploads\/2022\/09\/na-divadlo2.jpg 1500w\" sizes=\"auto, (max-width: 1000px) 100vw, 1000px\" \/><\/p>\n<p><img loading=\"lazy\" decoding=\"async\" class=\"alignnone wp-image-320 size-medium\" src=\"http:\/\/www.brkola.cz.uvirt121.active24.cz\/wp-content\/uploads\/2022\/09\/na-divadloll-300x300.jpg\" alt=\"\" width=\"300\" height=\"300\" srcset=\"https:\/\/www.brkola.cz\/wp-content\/uploads\/2022\/09\/na-divadloll-300x300.jpg 300w, https:\/\/www.brkola.cz\/wp-content\/uploads\/2022\/09\/na-divadloll-1024x1024.jpg 1024w, https:\/\/www.brkola.cz\/wp-content\/uploads\/2022\/09\/na-divadloll-150x150.jpg 150w, https:\/\/www.brkola.cz\/wp-content\/uploads\/2022\/09\/na-divadloll-768x768.jpg 768w, https:\/\/www.brkola.cz\/wp-content\/uploads\/2022\/09\/na-divadloll-1320x1320.jpg 1320w, https:\/\/www.brkola.cz\/wp-content\/uploads\/2022\/09\/na-divadloll-450x450.jpg 450w, https:\/\/www.brkola.cz\/wp-content\/uploads\/2022\/09\/na-divadloll-600x600.jpg 600w, https:\/\/www.brkola.cz\/wp-content\/uploads\/2022\/09\/na-divadloll-100x100.jpg 100w, https:\/\/www.brkola.cz\/wp-content\/uploads\/2022\/09\/na-divadloll.jpg 1340w\" sizes=\"auto, (max-width: 300px) 100vw, 300px\" \/><\/p>\n<p>Rok vyd\u00e1n\u00ed: 2014<br \/>\nPo\u010det stran: 141<br \/>\nVazba: bro\u017eovan\u00e1<br \/>\nRozm\u011bry: 16 x 19 cm<\/p>\n","protected":false},"excerpt":{"rendered":"<p class=\"p1\"><span class=\"s1\">Otakar Roub\u00ednek (1934\u20131992) byl v\u00fdznamn\u00fd \u010desk\u00fd herec a p\u0159edev\u0161\u00edm dramaturg, divadeln\u00ed v\u011bdec a u\u010ditel. Jako herec p\u016fsobil v Beskydsk\u00e9m divadle v Nov\u00e9m Ji\u010d\u00edn\u011b, v tehdy gottwaldovsk\u00e9m Divadle pracuj\u00edc\u00edch a v Nedivadle Ivana Vysko\u010dila. V\u00fdraznou dramaturgickou stopu zanechal v Gottwaldov\u011b, v Divadle za branou, Divadle Na z\u00e1bradl\u00ed nebo v N\u00e1rodn\u00edm divadle. Je rovn\u011b\u017e autorem vynikaj\u00edc\u00ed teatrologick\u00e9 monografie Franti\u0161ek Ferdinand \u0160amberk \u2013 \u010dlov\u011bk, herec a dramatik a \u0159ady studi\u00ed a kritik. V 80. letech 20. stolet\u00ed u\u010dil na Lidov\u00e9 konzervato\u0159i v Josefsk\u00e9 ul. v Praze a po roce 1989 byl tak\u00e9 pedagogem DAMU. Pam\u011btn\u00edci na n\u011bj vzpom\u00ednaj\u00ed jako na vzd\u011blan\u00e9ho \u010dlov\u011bka s \u0161irok\u00fdm rozhledem, nev\u0161edn\u00edho spole\u010dn\u00edka s osobit\u00fdm humorem, inspir\u00e1tora, laskav\u00e9ho p\u0159\u00edtele, milovn\u00edka divadla i \u017eivota, bou\u0159liv\u00e1ka a filozofa. Pr\u00e1ce Michaely Mal\u010d\u00edkov\u00e9, absolventky brn\u011bnsk\u00e9 teatrologie, je prvn\u00ed monografi\u00ed zasv\u011bcenou Roub\u00ednkov\u011b \u010dinorod\u00e9 osobnosti. P\u0159edmluvu napsala Eva Stehl\u00edkov\u00e1.<\/span><\/p>\n","protected":false},"featured_media":316,"template":"","meta":{"inline_featured_image":false,"spay_email":"","jetpack_publicize_message":"","jetpack_is_tweetstorm":false,"jetpack_publicize_feature_enabled":true},"product_brand":[],"product_cat":[18],"product_tag":[73],"class_list":{"0":"post-315","1":"product","2":"type-product","3":"status-publish","4":"has-post-thumbnail","6":"product_cat-knihy-nejen-pro-divadlo","7":"product_tag-michaela-malcikova","9":"first","10":"instock","11":"sale","12":"shipping-taxable","13":"purchasable","14":"product-type-simple"},"_links":{"self":[{"href":"https:\/\/www.brkola.cz\/index.php?rest_route=\/wp\/v2\/product\/315","targetHints":{"allow":["GET"]}}],"collection":[{"href":"https:\/\/www.brkola.cz\/index.php?rest_route=\/wp\/v2\/product"}],"about":[{"href":"https:\/\/www.brkola.cz\/index.php?rest_route=\/wp\/v2\/types\/product"}],"wp:featuredmedia":[{"embeddable":true,"href":"https:\/\/www.brkola.cz\/index.php?rest_route=\/wp\/v2\/media\/316"}],"wp:attachment":[{"href":"https:\/\/www.brkola.cz\/index.php?rest_route=%2Fwp%2Fv2%2Fmedia&parent=315"}],"wp:term":[{"taxonomy":"product_brand","embeddable":true,"href":"https:\/\/www.brkola.cz\/index.php?rest_route=%2Fwp%2Fv2%2Fproduct_brand&post=315"},{"taxonomy":"product_cat","embeddable":true,"href":"https:\/\/www.brkola.cz\/index.php?rest_route=%2Fwp%2Fv2%2Fproduct_cat&post=315"},{"taxonomy":"product_tag","embeddable":true,"href":"https:\/\/www.brkola.cz\/index.php?rest_route=%2Fwp%2Fv2%2Fproduct_tag&post=315"}],"curies":[{"name":"wp","href":"https:\/\/api.w.org\/{rel}","templated":true}]}}

Na divadlo neumřu (Otakar Roubínek)

<p><img loading="lazy" decoding="async" class="alignnone wp-image-319 " src="http://www.brkola.cz.uvirt121.active24.cz/wp-content/uploads/2022/09/na-divadlo2-1024x1024.jpg" alt="" width="1000" height="1000" srcset="https://www.brkola.cz/wp-content/uploads/2022/09/na-divadlo2-1024x1024.jpg 1024w, https://www.brkola.cz/wp-content/uploads/2022/09/na-divadlo2-300x300.jpg 300w, https://www.brkola.cz/wp-content/uploads/2022/09/na-divadlo2-150x150.jpg 150w, https://www.brkola.cz/wp-content/uploads/2022/09/na-divadlo2-768x768.jpg 768w, https://www.brkola.cz/wp-content/uploads/2022/09/na-divadlo2-1320x1320.jpg 1320w, https://www.brkola.cz/wp-content/uploads/2022/09/na-divadlo2-450x450.jpg 450w, https://www.brkola.cz/wp-content/uploads/2022/09/na-divadlo2-600x600.jpg 600w, https://www.brkola.cz/wp-content/uploads/2022/09/na-divadlo2-100x100.jpg 100w, https://www.brkola.cz/wp-content/uploads/2022/09/na-divadlo2.jpg 1500w" sizes="auto, (max-width: 1000px) 100vw, 1000px" /></p>
<p><img loading="lazy" decoding="async" class="alignnone wp-image-320 size-medium" src="http://www.brkola.cz.uvirt121.active24.cz/wp-content/uploads/2022/09/na-divadloll-300x300.jpg" alt="" width="300" height="300" srcset="https://www.brkola.cz/wp-content/uploads/2022/09/na-divadloll-300x300.jpg 300w, https://www.brkola.cz/wp-content/uploads/2022/09/na-divadloll-1024x1024.jpg 1024w, https://www.brkola.cz/wp-content/uploads/2022/09/na-divadloll-150x150.jpg 150w, https://www.brkola.cz/wp-content/uploads/2022/09/na-divadloll-768x768.jpg 768w, https://www.brkola.cz/wp-content/uploads/2022/09/na-divadloll-1320x1320.jpg 1320w, https://www.brkola.cz/wp-content/uploads/2022/09/na-divadloll-450x450.jpg 450w, https://www.brkola.cz/wp-content/uploads/2022/09/na-divadloll-600x600.jpg 600w, https://www.brkola.cz/wp-content/uploads/2022/09/na-divadloll-100x100.jpg 100w, https://www.brkola.cz/wp-content/uploads/2022/09/na-divadloll.jpg 1340w" sizes="auto, (max-width: 300px) 100vw, 300px" /></p>
<p>Rok vydání: 2014<br />
Počet stran: 141<br />
Vazba: brožovaná<br />
Rozměry: 16 x 19 cm</p>

<p class="p1"><span class="s1">Otakar Roubínek (1934–1992) byl významný český herec a především dramaturg, divadelní vědec a učitel. Jako herec působil v Beskydském divadle v Novém Jičíně, v tehdy gottwaldovském Divadle pracujících a v Nedivadle Ivana Vyskočila. Výraznou dramaturgickou stopu zanechal v Gottwaldově, v Divadle za branou, Divadle Na zábradlí nebo v Národním divadle. Je rovněž autorem vynikající teatrologické monografie František Ferdinand Šamberk – člověk, herec a dramatik a řady studií a kritik. V 80. letech 20. století učil na Lidové konzervatoři v Josefské ul. v Praze a po roce 1989 byl také pedagogem DAMU. Pamětníci na něj vzpomínají jako na vzdělaného člověka s širokým rozhledem, nevšedního společníka s osobitým humorem, inspirátora, laskavého přítele, milovníka divadla i života, bouřliváka a filozofa. Práce Michaely Malčíkové, absolventky brněnské teatrologie, je první monografií zasvěcenou Roubínkově činorodé osobnosti. Předmluvu napsala Eva Stehlíková.</span></p>
