{"id":356,"date":"2022-09-11T08:55:27","date_gmt":"2022-09-11T08:55:27","guid":{"rendered":"http:\/\/www.brkola.cz.uvirt121.active24.cz\/?post_type=product&#038;p=356"},"modified":"2026-01-02T10:38:51","modified_gmt":"2026-01-02T10:38:51","slug":"to-vicko-nemusite-odsroubovavat-je-v-nem-dirka","status":"publish","type":"product","link":"https:\/\/www.brkola.cz\/?product=to-vicko-nemusite-odsroubovavat-je-v-nem-dirka","title":{"rendered":"To v\u00ed\u010dko nemus\u00edte od\u0161roubov\u00e1vat, je v n\u011bm d\u00edrka"},"content":{"rendered":"<p><img loading=\"lazy\" decoding=\"async\" class=\"alignnone wp-image-361 size-full\" src=\"http:\/\/www.brkola.cz.uvirt121.active24.cz\/wp-content\/uploads\/2022\/09\/ras\u030cko-vic\u030cko-6.jpg\" alt=\"\" width=\"1000\" height=\"1000\" srcset=\"https:\/\/www.brkola.cz\/wp-content\/uploads\/2022\/09\/ras\u030cko-vic\u030cko-6.jpg 1000w, https:\/\/www.brkola.cz\/wp-content\/uploads\/2022\/09\/ras\u030cko-vic\u030cko-6-300x300.jpg 300w, https:\/\/www.brkola.cz\/wp-content\/uploads\/2022\/09\/ras\u030cko-vic\u030cko-6-150x150.jpg 150w, https:\/\/www.brkola.cz\/wp-content\/uploads\/2022\/09\/ras\u030cko-vic\u030cko-6-768x768.jpg 768w, https:\/\/www.brkola.cz\/wp-content\/uploads\/2022\/09\/ras\u030cko-vic\u030cko-6-450x450.jpg 450w, https:\/\/www.brkola.cz\/wp-content\/uploads\/2022\/09\/ras\u030cko-vic\u030cko-6-600x600.jpg 600w, https:\/\/www.brkola.cz\/wp-content\/uploads\/2022\/09\/ras\u030cko-vic\u030cko-6-100x100.jpg 100w\" sizes=\"auto, (max-width: 1000px) 100vw, 1000px\" \/><\/p>\n<p>Rok vyd\u00e1n\u00ed: 2021<br \/>\nPo\u010det stran: 184<br \/>\nVazba: bro\u017eovan\u00e1<br \/>\nRozm\u011bry: 17 x 23 cm<\/p>\n","protected":false},"excerpt":{"rendered":"<p class=\"p1\"><span class=\"s1\">V\u00fdpravn\u00e1, bezm\u00e1la dvousetstr\u00e1nkov\u00e1 monografie grafi\u010dky, ilustr\u00e1torky, liter\u00e1rn\u00ed autorky a vysoko\u0161kolsk\u00e9 pedago\u017eky Lucie Ra\u0161kovov\u00e9, kter\u00e1 pat\u0159\u00ed k p\u0159edn\u00edm v\u00fdtvarnic\u00edm st\u0159edn\u00ed generace. Pro Ra\u0161kovovou je typick\u00e1 p\u0159edev\u0161\u00edm podivuhodn\u00e1 univerz\u00e1lnost a elasticita jej\u00edho projevu. Kniha sest\u00e1v\u00e1 z reprodukc\u00ed knih, den\u00edk\u016f, kreseb, pohlednic, plak\u00e1t\u016f, grafik a fotografi\u00ed. Dopl\u0148uj\u00ed ji studie, \u00favahy \u010di pozn\u00e1mky Jana Rouse, Adrieny \u0160imotov\u00e9, Ji\u0159\u00edho \u0160alamouna, Jana C. Nov\u00e1ka, Ji\u0159\u00edho D\u011bde\u010dka, Lubom\u00edra Mart\u00ednka, Jaroslava Tvrdon\u011b, Michala \u010cunderleho, V\u00edta Zemana, Filipa Nov\u00e1ka a Karla Halouna, kter\u00fd je tak\u00e9 editorem kn\u00ed\u017eky.<\/span><\/p>\n","protected":false},"featured_media":358,"template":"","meta":{"inline_featured_image":false,"spay_email":"","jetpack_publicize_message":"","jetpack_is_tweetstorm":false,"jetpack_publicize_feature_enabled":true},"product_brand":[],"product_cat":[96],"product_tag":[61],"class_list":{"0":"post-356","1":"product","2":"type-product","3":"status-publish","4":"has-post-thumbnail","6":"product_cat-ostatni","7":"product_tag-lucie-raskovova","9":"first","10":"instock","11":"sale","12":"shipping-taxable","13":"purchasable","14":"product-type-simple"},"_links":{"self":[{"href":"https:\/\/www.brkola.cz\/index.php?rest_route=\/wp\/v2\/product\/356","targetHints":{"allow":["GET"]}}],"collection":[{"href":"https:\/\/www.brkola.cz\/index.php?rest_route=\/wp\/v2\/product"}],"about":[{"href":"https:\/\/www.brkola.cz\/index.php?rest_route=\/wp\/v2\/types\/product"}],"wp:featuredmedia":[{"embeddable":true,"href":"https:\/\/www.brkola.cz\/index.php?rest_route=\/wp\/v2\/media\/358"}],"wp:attachment":[{"href":"https:\/\/www.brkola.cz\/index.php?rest_route=%2Fwp%2Fv2%2Fmedia&parent=356"}],"wp:term":[{"taxonomy":"product_brand","embeddable":true,"href":"https:\/\/www.brkola.cz\/index.php?rest_route=%2Fwp%2Fv2%2Fproduct_brand&post=356"},{"taxonomy":"product_cat","embeddable":true,"href":"https:\/\/www.brkola.cz\/index.php?rest_route=%2Fwp%2Fv2%2Fproduct_cat&post=356"},{"taxonomy":"product_tag","embeddable":true,"href":"https:\/\/www.brkola.cz\/index.php?rest_route=%2Fwp%2Fv2%2Fproduct_tag&post=356"}],"curies":[{"name":"wp","href":"https:\/\/api.w.org\/{rel}","templated":true}]}}

To víčko nemusíte odšroubovávat, je v něm dírka

<p><img loading="lazy" decoding="async" class="alignnone wp-image-361 size-full" src="http://www.brkola.cz.uvirt121.active24.cz/wp-content/uploads/2022/09/raško-vičko-6.jpg" alt="" width="1000" height="1000" srcset="https://www.brkola.cz/wp-content/uploads/2022/09/raško-vičko-6.jpg 1000w, https://www.brkola.cz/wp-content/uploads/2022/09/raško-vičko-6-300x300.jpg 300w, https://www.brkola.cz/wp-content/uploads/2022/09/raško-vičko-6-150x150.jpg 150w, https://www.brkola.cz/wp-content/uploads/2022/09/raško-vičko-6-768x768.jpg 768w, https://www.brkola.cz/wp-content/uploads/2022/09/raško-vičko-6-450x450.jpg 450w, https://www.brkola.cz/wp-content/uploads/2022/09/raško-vičko-6-600x600.jpg 600w, https://www.brkola.cz/wp-content/uploads/2022/09/raško-vičko-6-100x100.jpg 100w" sizes="auto, (max-width: 1000px) 100vw, 1000px" /></p>
<p>Rok vydání: 2021<br />
Počet stran: 184<br />
Vazba: brožovaná<br />
Rozměry: 17 x 23 cm</p>

<p class="p1"><span class="s1">Výpravná, bezmála dvousetstránková monografie grafičky, ilustrátorky, literární autorky a vysokoškolské pedagožky Lucie Raškovové, která patří k předním výtvarnicím střední generace. Pro Raškovovou je typická především podivuhodná univerzálnost a elasticita jejího projevu. Kniha sestává z reprodukcí knih, deníků, kreseb, pohlednic, plakátů, grafik a fotografií. Doplňují ji studie, úvahy či poznámky Jana Rouse, Adrieny Šimotové, Jiřího Šalamouna, Jana C. Nováka, Jiřího Dědečka, Lubomíra Martínka, Jaroslava Tvrdoně, Michala Čunderleho, Víta Zemana, Filipa Nováka a Karla Halouna, který je také editorem knížky.</span></p>
