{"id":389,"date":"2022-09-11T12:17:34","date_gmt":"2022-09-11T12:17:34","guid":{"rendered":"http:\/\/www.brkola.cz.uvirt121.active24.cz\/?post_type=product&#038;p=389"},"modified":"2026-01-02T10:36:14","modified_gmt":"2026-01-02T10:36:14","slug":"vyjadrit-hrou-podobenstvi-a-sebestylizace-v-dramatu-vaclava-havla","status":"publish","type":"product","link":"https:\/\/www.brkola.cz\/?product=vyjadrit-hrou-podobenstvi-a-sebestylizace-v-dramatu-vaclava-havla","title":{"rendered":"Vyj\u00e1d\u0159it hrou: podobenstv\u00ed a (sebe)stylizace v dramatu V\u00e1clava Havla"},"content":{"rendered":"<p><img loading=\"lazy\" decoding=\"async\" class=\"alignnone wp-image-391 size-full\" src=\"http:\/\/www.brkola.cz.uvirt121.active24.cz\/wp-content\/uploads\/2022\/09\/havel-vodic\u030cka.jpg\" alt=\"\" width=\"1000\" height=\"1000\" srcset=\"https:\/\/www.brkola.cz\/wp-content\/uploads\/2022\/09\/havel-vodic\u030cka.jpg 1000w, https:\/\/www.brkola.cz\/wp-content\/uploads\/2022\/09\/havel-vodic\u030cka-300x300.jpg 300w, https:\/\/www.brkola.cz\/wp-content\/uploads\/2022\/09\/havel-vodic\u030cka-150x150.jpg 150w, https:\/\/www.brkola.cz\/wp-content\/uploads\/2022\/09\/havel-vodic\u030cka-768x768.jpg 768w, https:\/\/www.brkola.cz\/wp-content\/uploads\/2022\/09\/havel-vodic\u030cka-450x450.jpg 450w, https:\/\/www.brkola.cz\/wp-content\/uploads\/2022\/09\/havel-vodic\u030cka-600x600.jpg 600w, https:\/\/www.brkola.cz\/wp-content\/uploads\/2022\/09\/havel-vodic\u030cka-100x100.jpg 100w\" sizes=\"auto, (max-width: 1000px) 100vw, 1000px\" \/><\/p>\n<p class=\"p1\">Rok vyd\u00e1n\u00ed: 2013<br \/>\nPo\u010det stran: 220<br \/>\nVazba: bro\u017eovan\u00e1<br \/>\nRozm\u011bry: 16 x 19 cm<\/p>\n","protected":false},"excerpt":{"rendered":"<p class=\"p1\"><span class=\"s1\">Prvn\u00ed \u010desk\u00e1 monografie, kter\u00e1 je zam\u011b\u0159en\u00e1 na kompletn\u00ed dramatickou tvorbu V\u00e1clava Havla a z\u00e1rove\u0148 si v\u0161\u00edm\u00e1 i jeho tvorby b\u00e1snick\u00e9, esejistick\u00e9 a publicistick\u00e9 a bere v potaz tak\u00e9 z\u00e1kladn\u00ed biografick\u00e9 a kontextu\u00e1ln\u00ed souvislosti. Sou\u010d\u00e1st\u00ed knihy je rovn\u011b\u017e kalend\u00e1rium Havlova \u017eivota a soupis inscenac\u00ed.<\/span><\/p>\n","protected":false},"featured_media":390,"template":"","meta":{"inline_featured_image":false,"spay_email":"","jetpack_publicize_message":"","jetpack_is_tweetstorm":false,"jetpack_publicize_feature_enabled":true},"product_brand":[],"product_cat":[18],"product_tag":[60],"class_list":{"0":"post-389","1":"product","2":"type-product","3":"status-publish","4":"has-post-thumbnail","6":"product_cat-knihy-nejen-pro-divadlo","7":"product_tag-libor-vodicka","9":"first","10":"instock","11":"sale","12":"shipping-taxable","13":"purchasable","14":"product-type-simple"},"_links":{"self":[{"href":"https:\/\/www.brkola.cz\/index.php?rest_route=\/wp\/v2\/product\/389","targetHints":{"allow":["GET"]}}],"collection":[{"href":"https:\/\/www.brkola.cz\/index.php?rest_route=\/wp\/v2\/product"}],"about":[{"href":"https:\/\/www.brkola.cz\/index.php?rest_route=\/wp\/v2\/types\/product"}],"wp:featuredmedia":[{"embeddable":true,"href":"https:\/\/www.brkola.cz\/index.php?rest_route=\/wp\/v2\/media\/390"}],"wp:attachment":[{"href":"https:\/\/www.brkola.cz\/index.php?rest_route=%2Fwp%2Fv2%2Fmedia&parent=389"}],"wp:term":[{"taxonomy":"product_brand","embeddable":true,"href":"https:\/\/www.brkola.cz\/index.php?rest_route=%2Fwp%2Fv2%2Fproduct_brand&post=389"},{"taxonomy":"product_cat","embeddable":true,"href":"https:\/\/www.brkola.cz\/index.php?rest_route=%2Fwp%2Fv2%2Fproduct_cat&post=389"},{"taxonomy":"product_tag","embeddable":true,"href":"https:\/\/www.brkola.cz\/index.php?rest_route=%2Fwp%2Fv2%2Fproduct_tag&post=389"}],"curies":[{"name":"wp","href":"https:\/\/api.w.org\/{rel}","templated":true}]}}