{"id":467,"date":"2022-09-20T09:06:54","date_gmt":"2022-09-20T09:06:54","guid":{"rendered":"http:\/\/www.brkola.cz.uvirt121.active24.cz\/?post_type=product&#038;p=467"},"modified":"2024-08-21T16:21:03","modified_gmt":"2024-08-21T16:21:03","slug":"premysl-si-hraje","status":"publish","type":"product","link":"https:\/\/www.brkola.cz\/?product=premysl-si-hraje","title":{"rendered":"P\u0159emysl si hraje"},"content":{"rendered":"<div class=\"wp-playlist wp-audio-playlist wp-playlist-light\">\n\t\t\t<div class=\"wp-playlist-current-item\"><\/div>\n\t\t<audio controls=\"controls\" preload=\"none\" width=\"640\"\n\t\t\t><\/audio>\n\t<div class=\"wp-playlist-next\"><\/div>\n\t<div class=\"wp-playlist-prev\"><\/div>\n\t<noscript>\n\t<ol>\n\t\t<li><a href='https:\/\/www.brkola.cz\/wp-content\/uploads\/2022\/09\/premysl-rut-a-marketa-potuzakova-prikladna-pisen-o-smrti-cloveka.wav'>P\u0159\u00edkladn\u00e1 p\u00edse\u0148 o smrti \u010dlov\u011bka<\/a><\/li>\t<\/ol>\n\t<\/noscript>\n\t<script type=\"application\/json\" class=\"wp-playlist-script\">{\"type\":\"audio\",\"tracklist\":false,\"tracknumbers\":true,\"images\":true,\"artists\":true,\"tracks\":[{\"src\":\"https:\/\/www.brkola.cz\/wp-content\/uploads\/2022\/09\/premysl-rut-a-marketa-potuzakova-prikladna-pisen-o-smrti-cloveka.wav\",\"type\":\"audio\/wav\",\"title\":\"P\\u0159\\u00edkladn\\u00e1 p\\u00edse\\u0148 o smrti \\u010dlov\\u011bka\",\"caption\":\"\",\"description\":\"Skladba \\\"premysl-rut-a-marketa-potuzakova-prikladna-pisen-o-smrti-cloveka\\\".\",\"meta\":{\"artist\":\"P\\u0159emysl Rut a Mark\\u00e9ta Potu\\u017e\\u00e1kov\\u00e1\",\"length_formatted\":\"6:45:48\"},\"image\":{\"src\":\"https:\/\/www.brkola.cz\/wp-includes\/images\/media\/audio.svg\",\"width\":48,\"height\":64},\"thumb\":{\"src\":\"https:\/\/www.brkola.cz\/wp-includes\/images\/media\/audio.svg\",\"width\":48,\"height\":64}}]}<\/script>\n<\/div>\n\t\n<div class=\"wp-playlist wp-audio-playlist wp-playlist-light\">\n\t\t\t<div class=\"wp-playlist-current-item\"><\/div>\n\t\t<audio controls=\"controls\" preload=\"none\" width=\"640\"\n\t\t\t><\/audio>\n\t<div class=\"wp-playlist-next\"><\/div>\n\t<div class=\"wp-playlist-prev\"><\/div>\n\t<noscript>\n\t<ol>\n\t\t<li><a href='https:\/\/www.brkola.cz\/wp-content\/uploads\/2022\/09\/martina-kafkova-kdyz-porad-prsi.wav'>Kdy\u017e po\u0159\u00e1d pr\u0161\u00ed<\/a><\/li>\t<\/ol>\n\t<\/noscript>\n\t<script type=\"application\/json\" class=\"wp-playlist-script\">{\"type\":\"audio\",\"tracklist\":false,\"tracknumbers\":true,\"images\":true,\"artists\":true,\"tracks\":[{\"src\":\"https:\/\/www.brkola.cz\/wp-content\/uploads\/2022\/09\/martina-kafkova-kdyz-porad-prsi.wav\",\"type\":\"audio\/wav\",\"title\":\"Kdy\\u017e po\\u0159\\u00e1d pr\\u0161\\u00ed\",\"caption\":\"\",\"description\":\"Skladba \\\"martina-kafkova-kdyz-porad-prsi\\\".\",\"meta\":{\"artist\":\"Martina Kafkov\\u00e1\",\"length_formatted\":\"6:45:48\"},\"image\":{\"src\":\"https:\/\/www.brkola.cz\/wp-includes\/images\/media\/audio.svg\",\"width\":48,\"height\":64},\"thumb\":{\"src\":\"https:\/\/www.brkola.cz\/wp-includes\/images\/media\/audio.svg\",\"width\":48,\"height\":64}}]}<\/script>\n<\/div>\n\t\n<p>1x CD<\/p>\n","protected":false},"excerpt":{"rendered":"<p class=\"p1\">P\u00eds\u0148ov\u00e9 CD s dvaadvaceti, kousky, jejich\u017e hudbu napsal p\u0159edn\u00ed \u010desk\u00fd \u201ep\u00edsni\u010dkolog\u201c, hudebn\u00edk, spisovatel, editor a profesor DAMU P\u0159emysl Rut. Autory text\u016f jsou Jan Burian, V\u00e1clav Hanka, Bertolt Brecht, Vladim\u00edr Vokolek, William Shakespeare, Jan Vod\u0148ansk\u00fd, V+W, V\u00edt\u011bzslav Nezval, Anton\u00edn Brousek, Ji\u0159\u00ed Such\u00fd, Joseph von Eichendorff, Pal Verlaine, Ji\u0159\u00ed Kar\u00e1sek ze Lvovic a s\u00e1m profesor. Sou\u010d\u00e1st\u00ed balen\u00ed je i \u010dty\u0159icetistr\u00e1nkov\u00fd booklet s texty p\u00edsni\u010dek i jejich \u201e\u017eivotopisem. <span class=\"Apple-converted-space\">\u00da\u010dinkuj\u00ed Martina Kafkov\u00e1, Mark\u00e9ta Potu\u017e\u00e1kov\u00e1, V\u011bra Slun\u00e9\u010dkov\u00e1, Marcela<br \/>\n\u0160ikov\u00e1 a P\u0159emysl Rut.<\/span><\/p>\n","protected":false},"featured_media":469,"template":"","meta":{"inline_featured_image":false,"spay_email":"","jetpack_publicize_message":"","jetpack_is_tweetstorm":false,"jetpack_publicize_feature_enabled":true},"product_brand":[],"product_cat":[83],"product_tag":[24],"class_list":{"0":"post-467","1":"product","2":"type-product","3":"status-publish","4":"has-post-thumbnail","6":"product_cat-cd","7":"product_tag-premysl-rut","9":"first","10":"outofstock","11":"sale","12":"shipping-taxable","13":"purchasable","14":"product-type-simple"},"_links":{"self":[{"href":"https:\/\/www.brkola.cz\/index.php?rest_route=\/wp\/v2\/product\/467","targetHints":{"allow":["GET"]}}],"collection":[{"href":"https:\/\/www.brkola.cz\/index.php?rest_route=\/wp\/v2\/product"}],"about":[{"href":"https:\/\/www.brkola.cz\/index.php?rest_route=\/wp\/v2\/types\/product"}],"wp:featuredmedia":[{"embeddable":true,"href":"https:\/\/www.brkola.cz\/index.php?rest_route=\/wp\/v2\/media\/469"}],"wp:attachment":[{"href":"https:\/\/www.brkola.cz\/index.php?rest_route=%2Fwp%2Fv2%2Fmedia&parent=467"}],"wp:term":[{"taxonomy":"product_brand","embeddable":true,"href":"https:\/\/www.brkola.cz\/index.php?rest_route=%2Fwp%2Fv2%2Fproduct_brand&post=467"},{"taxonomy":"product_cat","embeddable":true,"href":"https:\/\/www.brkola.cz\/index.php?rest_route=%2Fwp%2Fv2%2Fproduct_cat&post=467"},{"taxonomy":"product_tag","embeddable":true,"href":"https:\/\/www.brkola.cz\/index.php?rest_route=%2Fwp%2Fv2%2Fproduct_tag&post=467"}],"curies":[{"name":"wp","href":"https:\/\/api.w.org\/{rel}","templated":true}]}}