{"id":570,"date":"2022-10-26T14:15:37","date_gmt":"2022-10-26T14:15:37","guid":{"rendered":"https:\/\/www.brkola.cz\/?post_type=product&#038;p=570"},"modified":"2026-01-02T10:31:15","modified_gmt":"2026-01-02T10:31:15","slug":"jmenuji-se-vaclav-a-zachranim-ti-zivot-2","status":"publish","type":"product","link":"https:\/\/www.brkola.cz\/?product=jmenuji-se-vaclav-a-zachranim-ti-zivot-2","title":{"rendered":"Jmenuji se V\u00e1clav a zachr\u00e1n\u00edm ti \u017eivot"},"content":{"rendered":"<div class=\"woocommerce-product-details__short-description\">\n<p><iframe loading=\"lazy\" title=\"Jmenuji se V\u00e1clav a zachr\u00e1n\u00edm ti \u017eivot  | Teaser ke knize (2022)\" width=\"500\" height=\"281\" src=\"https:\/\/www.youtube.com\/embed\/ZzyEKhSgUvY?feature=oembed\" frameborder=\"0\" allow=\"accelerometer; autoplay; clipboard-write; encrypted-media; gyroscope; picture-in-picture; web-share\" referrerpolicy=\"strict-origin-when-cross-origin\" allowfullscreen><\/iframe><\/p>\n<div class=\"quantity\"><strong>Recenze<\/strong><\/div>\n<div>\n<p class=\"-wm-MsoNormal\">Milostn\u00fd rom\u00e1n 21. stolet\u00ed \u2013 o lidech, kte\u0159\u00ed l\u00e1sku pro\u017e\u00edvaj\u00ed jinak ne\u017e jejich rodi\u010de, jsou pln\u00ed ohled\u016f ke sv\u011btu, jeho udr\u017eitelnosti, konaj\u00ed se z\u0159etelem na city docela nezn\u00e1m\u00fdch lid\u00ed i sv\u00fdch dosud nenarozen\u00fdch d\u011bt\u00ed, ale p\u0159esto jde nakonec stejn\u011b jen o n\u011b sam\u00e9, vy\u017eaduj\u00ed ohledy p\u0159edev\u0161\u00edm k\u00a0sob\u011b samotn\u00fdm. V\u00e1clav Wortner vypr\u00e1v\u00ed o V\u00e1clavu Wortnerovi a jeho cest\u011b za \u0161t\u011bst\u00edm. Jeho rom\u00e1n je ve sv\u00e9 podstat\u011b jedn\u00e1 velk\u00e1 milostn\u00e1 b\u00e1se\u0148 a v\u00edc ne\u017e p\u0159\u00edb\u011bhu je v\u00a0n\u011bm lyriky, p\u0159esto ten p\u0159\u00edb\u011bh pevn\u011b dr\u017e\u00ed. Je sv\u00e9bytnou v\u00fdpov\u011bd\u00ed generace t\u0159ic\u00e1tn\u00edk\u016f, kte\u0159\u00ed mohou cokoliv a v\u00a0tom nekone\u010dnu jen s\u00a0obt\u00ed\u017eemi kr\u00e1\u010dej\u00ed k\u00a0mali\u010dkostem a oby\u010dejnostem, jako je usazen\u00ed se na jednom m\u00edst\u011b nebo zalo\u017een\u00ed rodiny. Wortner\u016fv text je p\u0159esv\u011bd\u010div\u00fd a vyzr\u00e1l\u00fd, v\u00a0prost\u0159ed\u00ed ji\u017en\u00edch \u010cech ho lze pova\u017eovat za debut roku.<span class=\"-wm-gmail-Apple-converted-space\">\u00a0<\/span><\/p>\n<p class=\"-wm-MsoNormal\" style=\"text-align: left;\"><em>Jan \u0160tifter, zimn\u00ed \u010d\u00edslo \u010dasopisu Barbar<\/em><\/p>\n<\/div>\n<p class=\"p1\">Rok vyd\u00e1n\u00ed: 2022<br \/>\n(1. vyd\u00e1n\u00ed)<br \/>\ne-kniha<\/p>\n<\/div>\n<form class=\"cart\" action=\"https:\/\/www.brkola.cz\/?product=jmenuji-se-vaclav-a-zachranim-ti-zivot\" enctype=\"multipart\/form-data\" method=\"post\">\n<div class=\"quantity\"><\/div>\n<\/form>\n","protected":false},"excerpt":{"rendered":"<div class=\"woocommerce-product-details__short-description\">\n<p><strong>E-kniha ve form\u00e1tech EPUB a AZW3.<br \/>\n<\/strong>(Po zaplacen\u00ed objedn\u00e1vky V\u00e1m kn\u00ed\u017eku v obou form\u00e1tech po\u0161leme na V\u00e1\u0161 e-mail.)<\/p>\n<p class=\"p1\"><span class=\"s1\">True Road Liebe Story aneb p<\/span>rvn\u00ed rom\u00e1n improviz\u00e1tora, u\u010ditele a cestovatele V\u00e1clava Wortnera. \u2013 Oto\u010d\u00edm se a za mnou se usm\u00edv\u00e1 Jasmin. Trochu jsme se prali na tr\u00e1v\u011b a<span class=\"Apple-converted-space\">\u00a0\u00a0<\/span>pak jsme v tom vedru le\u017eeli na zemi zpocen\u00ed. Jsem \u00fapln\u011b slan\u00fd. Really? zeptala se a ol\u00edzla mi ruku. Jo, jse\u0161 slan\u00fd. V tu chv\u00edli jsem v\u011bd\u011bl, \u017ee je to holka pro m\u011b. V tu chv\u00edli jsem v\u011bd\u011bl, \u017ee se kv\u016fli n\u00ed nau\u010d\u00edm n\u011bmecky. V tu chv\u00edli jsem v\u011bd\u011bl, \u017ee chci, aby na\u0161e d\u011bti m\u011bly jej\u00ed o\u010di. V tu chv\u00edli jsem ale je\u0161t\u011b nev\u011bd\u011bl, jestli spolu nalezneme st\u0159edobod vesm\u00edru, nebo ho oba ztrat\u00edme. A nev\u011bd\u011bl jsem to v Bud\u011bjc\u00edch, Nep\u00e1lu, Chicagu ani v Kolumbii, nev\u011bd\u011bl jsem to na Letn\u00e9 ani ve V\u00eddni, na louce mezi hip\u00edky a divo\u017eenkami, ani v korpor\u00e1tu mezi krava\u0165\u00e1ky, ani na jevi\u0161ti mezi here\u010dkami a tane\u010dnicemi. Nev\u011bd\u011bl jsem to je\u0161t\u011b dal\u0161\u00edch dev\u011bt let.<\/p>\n<p>Ti\u0161t\u011bnou verzi knihy naleznete <a href=\"https:\/\/www.brkola.cz\/?product=jmenuji-se-vaclav-a-zachranim-ti-zivot\">zde<\/a>.<\/p>\n<\/div>\n","protected":false},"featured_media":571,"template":"","meta":{"inline_featured_image":false,"spay_email":"","jetpack_publicize_message":"","jetpack_is_tweetstorm":false,"jetpack_publicize_feature_enabled":true},"product_brand":[],"product_cat":[15],"product_tag":[81],"class_list":{"0":"post-570","1":"product","2":"type-product","3":"status-publish","4":"has-post-thumbnail","6":"product_cat-nezarazene","7":"product_tag-vaclav-wortner","9":"first","10":"instock","11":"shipping-taxable","12":"purchasable","13":"product-type-simple"},"_links":{"self":[{"href":"https:\/\/www.brkola.cz\/index.php?rest_route=\/wp\/v2\/product\/570","targetHints":{"allow":["GET"]}}],"collection":[{"href":"https:\/\/www.brkola.cz\/index.php?rest_route=\/wp\/v2\/product"}],"about":[{"href":"https:\/\/www.brkola.cz\/index.php?rest_route=\/wp\/v2\/types\/product"}],"wp:featuredmedia":[{"embeddable":true,"href":"https:\/\/www.brkola.cz\/index.php?rest_route=\/wp\/v2\/media\/571"}],"wp:attachment":[{"href":"https:\/\/www.brkola.cz\/index.php?rest_route=%2Fwp%2Fv2%2Fmedia&parent=570"}],"wp:term":[{"taxonomy":"product_brand","embeddable":true,"href":"https:\/\/www.brkola.cz\/index.php?rest_route=%2Fwp%2Fv2%2Fproduct_brand&post=570"},{"taxonomy":"product_cat","embeddable":true,"href":"https:\/\/www.brkola.cz\/index.php?rest_route=%2Fwp%2Fv2%2Fproduct_cat&post=570"},{"taxonomy":"product_tag","embeddable":true,"href":"https:\/\/www.brkola.cz\/index.php?rest_route=%2Fwp%2Fv2%2Fproduct_tag&post=570"}],"curies":[{"name":"wp","href":"https:\/\/api.w.org\/{rel}","templated":true}]}}