{"id":59,"date":"2022-05-17T16:13:11","date_gmt":"2022-05-17T16:13:11","guid":{"rendered":"http:\/\/www.brkola.cz.uvirt121.active24.cz\/?post_type=product&#038;p=59"},"modified":"2026-01-02T10:45:20","modified_gmt":"2026-01-02T10:45:20","slug":"bubela-kopirovat-3","status":"publish","type":"product","link":"https:\/\/www.brkola.cz\/?product=bubela-kopirovat-3","title":{"rendered":"Dialogy \u0159e\u010di: tucet studi\u00ed o herc\u00edch a o \u0159e\u010di"},"content":{"rendered":"<p><img loading=\"lazy\" decoding=\"async\" class=\"alignnone wp-image-235 size-large\" src=\"http:\/\/www.brkola.cz.uvirt121.active24.cz\/wp-content\/uploads\/2022\/05\/dialogy-reci2-1024x1024.jpg\" alt=\"\" width=\"1024\" height=\"1024\" srcset=\"https:\/\/www.brkola.cz\/wp-content\/uploads\/2022\/05\/dialogy-reci2-1024x1024.jpg 1024w, https:\/\/www.brkola.cz\/wp-content\/uploads\/2022\/05\/dialogy-reci2-300x300.jpg 300w, https:\/\/www.brkola.cz\/wp-content\/uploads\/2022\/05\/dialogy-reci2-150x150.jpg 150w, https:\/\/www.brkola.cz\/wp-content\/uploads\/2022\/05\/dialogy-reci2-768x768.jpg 768w, https:\/\/www.brkola.cz\/wp-content\/uploads\/2022\/05\/dialogy-reci2-1536x1536.jpg 1536w, https:\/\/www.brkola.cz\/wp-content\/uploads\/2022\/05\/dialogy-reci2-1320x1320.jpg 1320w, https:\/\/www.brkola.cz\/wp-content\/uploads\/2022\/05\/dialogy-reci2-450x450.jpg 450w, https:\/\/www.brkola.cz\/wp-content\/uploads\/2022\/05\/dialogy-reci2-600x600.jpg 600w, https:\/\/www.brkola.cz\/wp-content\/uploads\/2022\/05\/dialogy-reci2-100x100.jpg 100w, https:\/\/www.brkola.cz\/wp-content\/uploads\/2022\/05\/dialogy-reci2.jpg 1624w\" sizes=\"auto, (max-width: 1024px) 100vw, 1024px\" \/><\/p>\n<p><strong>Rok vyd\u00e1n\u00ed: 2013<br \/>\nPo\u010det stran: 96<br \/>\nVazba: bro\u017eovan\u00e1<br \/>\nRozm\u011bry: 16 x 19 cm<\/strong><\/p>\n","protected":false},"excerpt":{"rendered":"<p class=\"p1\"><span class=\"s1\">V\u00fdb\u011br ze studi\u00ed, kter\u00e9 autor napsal za posledn\u00edch 15 let pro \u010dasopis Sv\u011bt a divadlo. Jednotliv\u00e9 kapitoly (Auto\u0159i a \u0159e\u010d, Herci a \u0159e\u010d, Performe\u0159i a \u0159e\u010d, Tyj\u00e1tr a \u0159e\u010d a \u0158ev a \u0159e\u010d) se zab\u00fdvaj\u00ed p\u0159edev\u0161\u00edm hlasov\u011b-\u0159e\u010dov\u00fdm projevem v souvislosti s herectv\u00edm, jeho v\u00fdrazem, jedn\u00e1n\u00edm a hrou, a to na p\u0159\u00edkladech konkr\u00e9tn\u00edch \u010desk\u00fdch inscenac\u00ed t\u00e9to doby (N\u00e1rodn\u00ed divadlo, Divadlo Na z\u00e1bradl\u00ed, Studio Ypsilon, Boca Loca LAB, Divadlo b\u0159\u00ed Forman\u016f, Divadlo Husa na prov\u00e1zku aj.).<\/span><\/p>\n","protected":false},"featured_media":234,"template":"","meta":{"inline_featured_image":false,"spay_email":"","jetpack_publicize_message":"","jetpack_is_tweetstorm":false,"jetpack_publicize_feature_enabled":true},"product_brand":[],"product_cat":[18,52],"product_tag":[20],"class_list":{"0":"post-59","1":"product","2":"type-product","3":"status-publish","4":"has-post-thumbnail","6":"product_cat-knihy-nejen-pro-divadlo","7":"product_cat-psychosomatika","8":"product_tag-michal-cunderle","10":"first","11":"instock","12":"sale","13":"shipping-taxable","14":"purchasable","15":"product-type-simple"},"_links":{"self":[{"href":"https:\/\/www.brkola.cz\/index.php?rest_route=\/wp\/v2\/product\/59","targetHints":{"allow":["GET"]}}],"collection":[{"href":"https:\/\/www.brkola.cz\/index.php?rest_route=\/wp\/v2\/product"}],"about":[{"href":"https:\/\/www.brkola.cz\/index.php?rest_route=\/wp\/v2\/types\/product"}],"wp:featuredmedia":[{"embeddable":true,"href":"https:\/\/www.brkola.cz\/index.php?rest_route=\/wp\/v2\/media\/234"}],"wp:attachment":[{"href":"https:\/\/www.brkola.cz\/index.php?rest_route=%2Fwp%2Fv2%2Fmedia&parent=59"}],"wp:term":[{"taxonomy":"product_brand","embeddable":true,"href":"https:\/\/www.brkola.cz\/index.php?rest_route=%2Fwp%2Fv2%2Fproduct_brand&post=59"},{"taxonomy":"product_cat","embeddable":true,"href":"https:\/\/www.brkola.cz\/index.php?rest_route=%2Fwp%2Fv2%2Fproduct_cat&post=59"},{"taxonomy":"product_tag","embeddable":true,"href":"https:\/\/www.brkola.cz\/index.php?rest_route=%2Fwp%2Fv2%2Fproduct_tag&post=59"}],"curies":[{"name":"wp","href":"https:\/\/api.w.org\/{rel}","templated":true}]}}