{"id":752,"date":"2022-10-18T14:56:16","date_gmt":"2022-10-18T14:56:16","guid":{"rendered":"https:\/\/www.brkola.cz\/?post_type=product&#038;p=752"},"modified":"2026-01-02T10:32:41","modified_gmt":"2026-01-02T10:32:41","slug":"752","status":"publish","type":"product","link":"https:\/\/www.brkola.cz\/?product=752","title":{"rendered":"Vitalita smrti: odraz tradice smrti v sou\u010dasn\u00e9m my\u0161len\u00ed"},"content":{"rendered":"<p>Rok vyd\u00e1n\u00ed: 2018<br \/>\nPo\u010det stran: 164<br \/>\nVazba: bro\u017eovan\u00e1<br \/>\nRozm\u011bry: 11 x 17 cm<\/p>\n","protected":false},"excerpt":{"rendered":"<p>Kniha poskytuje \u010dten\u00e1\u0159i vhled do toho, jak poj\u00edmaj\u00ed smrt a z\u00e1nik humanitn\u00ed v\u011bdy, p\u0159edev\u0161\u00edm filozofie a s\u00e9miotika. Jde o sborn\u00edk osmi text\u016f, kter\u00e9 se zab\u00fdvaj\u00ed jak historick\u00fdmi prom\u011bnami fenom\u00e9nu smrti, tak anal\u00fdzou sou\u010dasn\u00fdch perspektiv. Vedle obvykl\u00e9ho obrazu smrti jako transformace, \u00fapadku a z\u00e1niku akcentuj\u00ed p\u0159edev\u0161\u00edm pozitivn\u00ed aspekty a produktivn\u00ed obraz smrti, kter\u00fd p\u016fsob\u00ed jako funkce v\u00fdznamov\u00e9ho \u201eposunu\u201c v prost\u0159ed\u00ed kulturn\u00ed praxe. Autory studi\u00ed jsou: Jan Hl\u00e1vka, Martin Charv\u00e1t, Filip Zrno, Michaela Fi\u0161erov\u00e1, Tereza Slukov\u00e1, David Nachlinger, Tereza Arndt a Pavel Pilch.<\/p>\n","protected":false},"featured_media":753,"template":"","meta":{"inline_featured_image":false,"spay_email":"","jetpack_publicize_message":"","jetpack_is_tweetstorm":false,"jetpack_publicize_feature_enabled":true},"product_brand":[],"product_cat":[96],"product_tag":[86],"class_list":{"0":"post-752","1":"product","2":"type-product","3":"status-publish","4":"has-post-thumbnail","6":"product_cat-ostatni","7":"product_tag-kolektiv-autoru","9":"first","10":"instock","11":"shipping-taxable","12":"purchasable","13":"product-type-simple"},"_links":{"self":[{"href":"https:\/\/www.brkola.cz\/index.php?rest_route=\/wp\/v2\/product\/752","targetHints":{"allow":["GET"]}}],"collection":[{"href":"https:\/\/www.brkola.cz\/index.php?rest_route=\/wp\/v2\/product"}],"about":[{"href":"https:\/\/www.brkola.cz\/index.php?rest_route=\/wp\/v2\/types\/product"}],"wp:featuredmedia":[{"embeddable":true,"href":"https:\/\/www.brkola.cz\/index.php?rest_route=\/wp\/v2\/media\/753"}],"wp:attachment":[{"href":"https:\/\/www.brkola.cz\/index.php?rest_route=%2Fwp%2Fv2%2Fmedia&parent=752"}],"wp:term":[{"taxonomy":"product_brand","embeddable":true,"href":"https:\/\/www.brkola.cz\/index.php?rest_route=%2Fwp%2Fv2%2Fproduct_brand&post=752"},{"taxonomy":"product_cat","embeddable":true,"href":"https:\/\/www.brkola.cz\/index.php?rest_route=%2Fwp%2Fv2%2Fproduct_cat&post=752"},{"taxonomy":"product_tag","embeddable":true,"href":"https:\/\/www.brkola.cz\/index.php?rest_route=%2Fwp%2Fv2%2Fproduct_tag&post=752"}],"curies":[{"name":"wp","href":"https:\/\/api.w.org\/{rel}","templated":true}]}}